s the units digit of k?
4
Let c(f) = 2*f - 11. Let g be c(8). Suppose 0*y - y + g*i = -29, 0 = -4*y - 5*i + 66. What is the units digit of y?
9
Suppose -34 = -5*z - 9, 4*q + 3*z - 8235 = 0. What is the units digit of q?
5
Suppose 0 = 5*p - 212 - 343. What is the hundreds digit of p?
1
Let j be 2*(-8)/(-12)*3. What is the units digit of -3 - -106*j/8?
0
Let f(b) = 32*b**2 - 21*b - 99. What is the tens digit of f(-4)?
9
Suppose 33712 = 38*c + 18*c. What is the hundreds digit of c?
6
Let i = -6 - -8. Let m(y) = 2*y**2 - 31*y + 39. Let v be m(14). What is the units digit of i - (v + 2)*9?
1
Suppose -20 = 5*r - 5. Let y be (-2)/r*(6 - 0). Suppose -5*m + l = -53, -1 - 7 = -2*m - y*l. What is the units digit of m?
0
Suppose 3*y - 15 = 0, 0 = 2*m - 6*m - 2*y + 26. Suppose -h + 3*r + 0 = -13, h - m*r = 8. What is the tens digit of h?
2
Suppose 5*x - 869 = 1641. What is the tens digit of x?
0
Let u = -13 - -37. Suppose -5*z + u + 1 = 0. Suppose 3*d = -j - 3*j + 100, z*j - 37 = -d. What is the units digit of d?
2
Let k(y) = y**2 - 11*y + 12. Let i be k(10). Suppose 6*w - 3*w = -i*l + 25, -5*w - 83 = -4*l. What is the tens digit of -4 + l + 1*-3?
1
Let w(o) = -o**2 + 7*o - 6. Let s be w(5). Suppose 4*u + 0*q + s = q, -3*q + 12 = 5*u. Suppose -5*g + 382 = r, g + u*r - 4*r = 89. What is the units digit of g?
7
Let b = 229 - -17. What is the units digit of b?
6
Suppose 3*y + 3933 = 3*h, 0 = -h - 11*y + 14*y + 1303. What is the hundreds digit of h?
3
Let y = 35 + -33. Suppose y*i - 4 = 26. What is the tens digit of i?
1
Let w be -4*-1*-1*5. Let m(t) = t**2 + 11*t + 7. Let h be m(-14). Let l = w + h. What is the units digit of l?
9
Let f(h) = -h**3 + 5*h**2 + 3*h - 10. Let o be f(5). Suppose -o*g + 7*g - 68 = 0. What is the units digit of g?
4
What is the units digit of (-258661)/(-404) - ((-3)/4 - -1)?
0
Let l be 5 + (5 - 14) - -67. What is the units digit of l + (8 + -3)*-1?
8
Let s(z) = 2*z**3 - 21*z**2 - 9*z + 12. Let m be s(10). Let y = 360 + m. What is the hundreds digit of y?
1
Let b(p) = -p**2 + 38*p - 23. What is the units digit of b(26)?
9
Let k = 175 - 73. Let r be 6/9 - k/(-9). What is the units digit of r/18 - (-34)/3?
2
Suppose 11*c = 13*c. Suppose 0 = -4*f - 2*h + 106, c*f - f + 4*h = -40. Suppose 0*a - 4*a = -f. What is the units digit of a?
7
Suppose 24 = 4*g - 4*u, 0 = 3*g - 4*u - 14 - 8. Suppose 4 = g*k - 0. Suppose -5*t = 5*w - k*t - 7, 0 = 4*t + 4. What is the units digit of w?
2
Let x(k) = -k**3 + 2*k + 877. What is the tens digit of x(0)?
7
Suppose 4*u + 0*u - 20 = 0. Suppose 3*l - 28 = 5*p, 5*p + 6 = -u*l - 14. What is the units digit of (l*-1)/(10/(-150))?
5
Suppose -595 = -5*k + 5*f, 2*f - 122 = k - 2*k. What is the tens digit of k?
2
What is the units digit of 7212/8 + 6 + (-45)/6?
0
What is the tens digit of (-4798)/((-2)/3 + (-68)/51)?
9
Let v be (6/(-4))/((-2)/(-28)). Suppose 0 = -3*x - 2*i - 9, -3*i + 2 = x - 4*i. What is the units digit of v/(-7) + (2 - x)?
6
Let w be 1 - (2 - (3 - 0)). Suppose -3*s = -6*s - d + 13, 18 = w*s - 4*d. Suppose s*r - 79 = -4. What is the tens digit of r?
1
Let w(q) = q**2 - q - 6. Let m be 7 - -3*(-10)/15. What is the units digit of w(m)?
4
What is the tens digit of 2817/(15 - 6 - 8)?
1
Suppose -4*t - 5*s = -2126, -4*s - s + 524 = t. What is the hundreds digit of t?
5
Let y(o) = 3 + 1 - 4 - o**2 + 11 + 6*o. Let a be y(6). Suppose a + 7 = c - 2*g, 3*c + 2*g - 30 = 0. What is the units digit of c?
2
Let w = -1460 - -2162. What is the tens digit of w?
0
Suppose -4*i + 19 - 3 = 0. Suppose -s = -4*n + 212 + 239, -i*s + 343 = 3*n. What is the units digit of n?
3
Suppose -t - 4*t + 85 = 0. Let l(j) = j**3 - 18*j**2 + 18*j - 15. Let c be l(t). Suppose -144 = -4*z - c*z. What is the tens digit of z?
2
Suppose -3 = -3*u + 6. Let f(t) = u*t - 3*t - 15*t - 25 - t**2. What is the tens digit of f(-11)?
1
Let c be (22/8)/(6/24). Suppose 14*d - 108 = c*d. What is the units digit of d?
6
Suppose 7*x - 8 = 9*x. Let u(h) = -19*h + 4. What is the tens digit of u(x)?
8
Let k be (-28)/(-3) + 28/(-21). Let v = -17 + k. What is the units digit of -2 - (v/1 - 2)?
9
What is the hundreds digit of 984/(-2)*(23 - 24)?
4
Suppose 4*f - 5*l - 2539 = 5996, f - 4*l = 2142. What is the tens digit of f?
3
Suppose 14*l - 11526 = -20*l. What is the tens digit of l?
3
Let z(x) = x**3 - 10*x**2 - x + 4. Let v be z(10). Let u(n) = -2*n**3 - 8*n**2 + 3*n - 7. What is the tens digit of u(v)?
1
Suppose s + 2*s + 39 = 0. Let f = 16 + s. What is the units digit of ((-41)/f)/((-2)/6)?
1
Let l(s) = 2*s - 23. Let i be l(13). Suppose -v = -i*v + 108. What is the tens digit of v?
5
Let v(i) = -i**2 - 14*i - 42. Let k be v(-8). Let r(x) = -2*x**3 + 15*x**2 - 5*x - 3. What is the tens digit of r(k)?
7
Let m be 1/(215/(-1254) + 8/48). Let b = 295 + m. What is the units digit of b?
6
Suppose p = -0*p + 2. Let n(x) = x**2 - 9*x - 16. Let j be n(12). Suppose 2*f - 4 = -5*r + 2*r, -p*f + 5*r = -j. What is the units digit of f?
5
Let w be ((-28 + -2)/(-2))/1. Suppose 2*g + 3*g - w = 0. Suppose f = -g*f + 156. What is the tens digit of f?
3
Let q = 342 + -131. What is the hundreds digit of q?
2
Let a(i) = -i**2 - 7*i + 13. Let o be a(-7). Suppose 4*t = -o + 437. What is the hundreds digit of t?
1
Let l be (-2607)/(-9) + (-4)/(-12). Let d be l/35 + (-4)/14. Suppose d*n - 4*n - 108 = 0. What is the units digit of n?
7
Let j(z) = 2*z**3 + 17*z**2 - 15*z - 24. What is the tens digit of j(-9)?
3
Suppose -3*y + 164 = -5*n - 1144, -5*y - n = -2208. What is the units digit of y?
1
Suppose 15*j - 11570 - 7825 = 0. What is the hundreds digit of j?
2
Suppose 6*j + 11 + 7 = 0. Let b = j - -55. What is the tens digit of b?
5
What is the tens digit of 18/(6 - 1092/183)?
4
Suppose 0 = -5*u - 3*d + 1432, -u + 296 = -0*d + 3*d. Let y = -123 + u. What is the tens digit of y?
6
Let y = 2826 - 881. What is the thousands digit of y?
1
Let p(a) = -10 - 3*a**2 + a**3 - 1 - 3*a**2 + 9*a. Let h be (-528)/(-110) - 6/(-5). What is the tens digit of p(h)?
4
Suppose -3*v = 15, 0 = -3*d - v + 5156 + 80. What is the hundreds digit of d?
7
Let b(w) = 20*w**3 - 1. Let o be b(-1). Let i = -16 - o. Suppose i*l + 68 = 7*l. What is the tens digit of l?
3
Let b(w) = w**2 + 12*w - 29. Let q be b(-14). What is the hundreds digit of (3857/58)/(1/(-2) - q)?
1
Suppose -3*g = -9, -14 - 9 = -4*o - g. Let z(y) = 14 - 14 + y**3 - 3*y + o*y**2. What is the tens digit of z(-5)?
1
What is the units digit of 1896 + 4 + -9 + 1?
2
Let a = -25 + 30. Suppose -5*v - 4*w = -242, -4*w - 148 = -3*v - a*w. What is the tens digit of v?
5
Let y(r) = -3*r**3 - 3*r**2 + r + 3. Suppose -1 = -0*p + p. Let w(c) = c**3 - c**2 + c. Let f(l) = p*y(l) - 4*w(l). What is the tens digit of f(5)?
2
Suppose 96 = 2*v - 192. What is the hundreds digit of v?
1
Let n = -5 - 2. Let d(a) = a**3 + 5*a**2 - 7*a. Let p be d(n). Let f = p - -78. What is the tens digit of f?
2
Let q(i) = 125*i - 357. What is the hundreds digit of q(4)?
1
Suppose -10*z + 8*z = -1276. What is the units digit of z?
8
Suppose -3*h - k = k + 3, -5*k = -3*h - 3. Suppose 0 = -4*d + 5*y - 77, 3*y - 1 = 2. Let c = h - d. What is the units digit of c?
7
Let q = -42 + 50. What is the tens digit of ((-14)/(-8)*-7)/((-2)/q)?
4
Let u be (7/(-42) + 110/12)/1. What is the tens digit of u/(-45) + (-431)/(-5)?
8
Suppose -11*t - 1904 = -6007. What is the units digit of t?
3
Suppose -4*w + 2*a + 1930 = 0, 5*w + 0*w - 2402 = -a. What is the hundreds digit of w?
4
Suppose -3*h - q + 6*q = 170, -3*h - 2*q = 184. What is the units digit of h*(135/12)/(-9)?
5
Suppose -b - k = -274, -5*k - 73 - 177 = -b. Let c = 416 - b. What is the hundreds digit of c?
1
Suppose 8524 + 1164 = 14*k. What is the tens digit of k?
9
Suppose -41*f - 126 = -50*f. What is the tens digit of 35/f*1236/15?
0
Suppose 26*u - 31*u = -4*a - 5798, -4*u + a = -4634. What is the thousands digit of u?
1
Suppose 0 = -3*m + 2*i - 1 + 31, 4*i + 36 = 3*m. What is the units digit of m/(6/(-10) + 1)?
0
Let s(q) = -2*q**2 + 8. Let g = -24 - -24. What is the units digit of s(g)?
8
Suppose -4*n - 2*k = -k - 12, 4*k - 22 = -3*n. Let d(x) = -4*x**2 - x + 4. Let v be d(n). What is the tens digit of 2/v - (-297)/21?
1
Let t be 5 + -1 - (2 + (-142)/2). Let j = 131 - t. What is the units digit of j?
8
Let t(l) = -l**2 - 19*l - 65